{"id":26723,"date":"2022-11-04T22:56:26","date_gmt":"2022-11-05T05:56:26","guid":{"rendered":"https:\/\/enjoythebeats.com\/remixclub\/?post_type=product&#038;p=26723"},"modified":"2026-04-07T16:05:20","modified_gmt":"2026-04-07T23:05:20","slug":"motley-crue-dr-feelgood-remix","status":"publish","type":"product","link":"https:\/\/enjoythebeats.com\/remixclub\/remix\/motley-crue-dr-feelgood-remix\/","title":{"rendered":"M\u00f6tley Cr\u00fce &#8211; Dr Feelgood remix"},"content":{"rendered":"<p>M\u00f6tley Cr\u00fce &#8211; Dr Feelgood remix<\/p>\n<p>\u00a0<\/p>\n<p style=\"text-align: center;\">\n<div id=\"enjoy-754157859\" class=\"enjoy-after-content enjoy-entity-placement\"><script async src=\"\/\/pagead2.googlesyndication.com\/pagead\/js\/adsbygoogle.js?client=ca-pub-4334670924766984\" crossorigin=\"anonymous\"><\/script><ins class=\"adsbygoogle\" style=\"display:block; text-align:center;\" data-ad-client=\"ca-pub-4334670924766984\" \ndata-ad-slot=\"6055607388\" \ndata-ad-layout=\"in-article\"\ndata-ad-format=\"fluid\"><\/ins>\n<script> \n(adsbygoogle = window.adsbygoogle || []).push({}); \n<\/script>\n<\/div>","protected":false},"excerpt":{"rendered":"<p>M\u00f6tley Cr\u00fce &#8211; Dr Feelgood remix \u00a0<\/p>\n","protected":false},"featured_media":26724,"comment_status":"open","ping_status":"closed","template":"","meta":[],"product_brand":[],"product_cat":[10,16,84],"product_tag":[128,10356,3374,20,127],"class_list":{"0":"post-26723","1":"product","2":"type-product","3":"status-publish","4":"has-post-thumbnail","6":"product_cat-80s","7":"product_cat-remix","8":"product_cat-rock","9":"product_tag-80s","10":"product_tag-dr-feelgood","11":"product_tag-motley-crue","12":"product_tag-remix","13":"product_tag-rock","15":"first","16":"instock","17":"downloadable","18":"shipping-taxable","19":"purchasable","20":"product-type-simple"},"_links":{"self":[{"href":"https:\/\/enjoythebeats.com\/remixclub\/wp-json\/wp\/v2\/product\/26723","targetHints":{"allow":["GET"]}}],"collection":[{"href":"https:\/\/enjoythebeats.com\/remixclub\/wp-json\/wp\/v2\/product"}],"about":[{"href":"https:\/\/enjoythebeats.com\/remixclub\/wp-json\/wp\/v2\/types\/product"}],"replies":[{"embeddable":true,"href":"https:\/\/enjoythebeats.com\/remixclub\/wp-json\/wp\/v2\/comments?post=26723"}],"wp:featuredmedia":[{"embeddable":true,"href":"https:\/\/enjoythebeats.com\/remixclub\/wp-json\/wp\/v2\/media\/26724"}],"wp:attachment":[{"href":"https:\/\/enjoythebeats.com\/remixclub\/wp-json\/wp\/v2\/media?parent=26723"}],"wp:term":[{"taxonomy":"product_brand","embeddable":true,"href":"https:\/\/enjoythebeats.com\/remixclub\/wp-json\/wp\/v2\/product_brand?post=26723"},{"taxonomy":"product_cat","embeddable":true,"href":"https:\/\/enjoythebeats.com\/remixclub\/wp-json\/wp\/v2\/product_cat?post=26723"},{"taxonomy":"product_tag","embeddable":true,"href":"https:\/\/enjoythebeats.com\/remixclub\/wp-json\/wp\/v2\/product_tag?post=26723"}],"curies":[{"name":"wp","href":"https:\/\/api.w.org\/{rel}","templated":true}]}}